 the highest common divisor of j and d.
3
Let f be (-15)/(-15) - -29702 - (7 - 5). Calculate the greatest common factor of f and 7.
7
Let w(l) be the first derivative of -l**4/4 + 4*l**3/3 + 13*l**2/2 - 68. Let h be w(-3). What is the highest common factor of h and 40?
8
Let z be 531/354*(-3160)/(-3). Calculate the highest common factor of 60 and z.
20
Let r(m) = 2*m**3 + 19*m**2 + 11*m - 21. Let q be r(-6). Let f be (45/20)/(6/176). What is the greatest common divisor of q and f?
33
Let p be ((-3)/(-12) + 2075/(-300))*-3. What is the highest common factor of 70 and p?
10
Let x(l) = -54*l**3 + 1026*l**2 - l + 24. Let z be x(19). What is the highest common factor of z and 8150?
5
Suppose 0 = 5*i + 4*k + 53732, 3*i + 2*i + 3*k = -53729. Let z be 7/(196/i) - (-6)/(-21). Let p = z + 753. Calculate the greatest common divisor of 41 and p.
41
Let k(u) = 2*u + 1. Let v(t) = -19*t - 43. Let d(j) = 5*k(j) + v(j). Let p be d(-6). Calculate the highest common factor of 176 and p.
16
Suppose 4*w - 15085 = -5*v, -103*w - 11316 = -106*w - 3*v. What is the highest common factor of w and 225?
25
Suppose 10*m = -15308 + 15578. What is the greatest common divisor of m and 432?
27
Let n be (8/(-3))/(4/288*-6). What is the greatest common divisor of 1872 and n?
16
Suppose 657 - 6813 = 18*g. Let v be 12 + -6 - (g + 18/6). Calculate the highest common divisor of 138 and v.
69
Let a(r) = 8*r - 26. Let h be a(9). Let b be 47 + -39 + 199 + 0. Calculate the highest common divisor of b and h.
23
Let p = 329 + -327. Suppose -4*o + 104 = v + 3*v, p*o + 5*v = 40. Suppose 0 = j - 150 - 30. Calculate the greatest common divisor of o and j.
30
Let h(t) = -t**2 + 8*t + 12. Let s be h(8). Suppose -8 = -4*b, 5*b + 80 - s = 2*u. Let c = 9 + u. What is the highest common divisor of c and 6?
6
Suppose 159 + 61 = 38*q - 46. What is the highest common factor of q and 7336?
7
Suppose -10*q = -14*q + 192. Suppose -23*k + 2436 = -q. Calculate the greatest common factor of k and 81.
27
Let g be (21 + -17)/((-1)/(-3755)). Let b be g/20 + 2*-1. Calculate the highest common divisor of b and 7.
7
Suppose 2*v + 101 = 5*h - v, 2*h - 2*v = 42. Let l be 2*3 + 7/((-84)/48). Calculate the highest common factor of l and h.
1
Let k(g) = -2*g**2 - 206*g - 2618. Let s be k(-86). Calculate the highest common factor of s and 3723.
51
Suppose 0 = -5*y - c + 22 + 2, 5*y + 2*c = 28. Suppose 2*v - 14 = -y*n, 5*v - 4*n + 17 = 10. Calculate the highest common factor of 9 and v.
1
Suppose 130 = 45*u - 185. Let y = 82 - 56. Let h = -19 + y. What is the highest common divisor of h and u?
7
Suppose 3*c = -3*j + 135, 484*c - 483*c - 197 = -5*j. Let w = -2 + 4. What is the highest common factor of j and w?
2
Let o be (-18)/(-243) - -1348*9/243. Suppose 3*f = -5*k + 744, 0 = -2*k + k - 4*f + 142. What is the highest common factor of o and k?
50
Let x be 275 + -6 - ((-9)/3 + -4). Let u be (-15)/25 + (-126)/(-10). What is the greatest common divisor of x and u?
12
Let c = 28236 + -25500. Calculate the highest common divisor of c and 627.
57
Let y be -50*(368/(-115))/8. Let i = -4 - -8. Calculate the greatest common factor of y and i.
4
Let c(j) = j**3 + 7*j**2 - 18*j + 18. Let g be c(-9). Suppose 13*r = g*r + 275. Let l = r + 85. Calculate the highest common factor of l and 10.
10
Suppose 3*t - 857 = -g, -27*t + 1143 = -23*t + g. Calculate the greatest common divisor of 1100 and t.
22
Suppose 0 = 2*f + 4*z - 0*z - 214, 3*z + 127 = f. Let a be (57/133)/((-2)/14). Let i be ((-1012)/33)/(2/a). What is the highest common factor of f and i?
23
Let u(w) = -w**3 - 5*w**2 + 3*w - 4. Let z be u(-5). Let c be 630/8 - 2/(-8). Let q = z + c. Calculate the highest common factor of q and 20.
20
Suppose b = 5*c + 371, c - b + 61 + 14 = 0. Let m = c - -83. Let n be (3 + -119)/((m/6)/(-3)). Calculate the greatest common divisor of n and 29.
29
Let c = 1764664 - 1764612. Let z be 1/4 - 571/(-4). What is the greatest common factor of z and c?
13
Suppose -2*o = o + 12, 2*o + 20 = 3*b. Suppose 0 = -v - 4*u + 2, -b*u - 38 = -7*v + 4*v. Suppose -3*i = i - 160. What is the highest common divisor of v and i?
10
Let c be 506/9 + (-14)/63. Suppose 6*v = 2*v - 20. Let w = v - -13. Calculate the greatest common factor of c and w.
8
Let v(u) = 42*u - 1344. Let l be v(34). Calculate the greatest common divisor of 182 and l.
14
Let f = -52 + 74. Let n be 5/20 + f*69/8. What is the greatest common divisor of 10 and n?
10
Let l = 64976 + -64926. Let k(j) = -62*j + 1. Let p be k(-2). What is the highest common factor of p and l?
25
Suppose -3*t + 3546 = 3*x, 0 = 4*x + t - 5*t - 4744. Suppose 1741 = 15*l + 631. Calculate the highest common factor of x and l.
74
Let h = 159 - 67. Suppose -4*w + 924 = h. What is the highest common divisor of w and 13?
13
Let y(v) be the first derivative of 2*v**3 + 15*v**2/2 + 15*v - 103. Let p be y(-1). Calculate the highest common factor of 486 and p.
6
Let j be 34/5*(6 - 1). Suppose 113*o = 114*o - j. What is the highest common factor of 51 and o?
17
Let s = -704 + 711. Let q(t) = 21*t - 142. Let a be q(s). Let w = 3 - 1. Calculate the greatest common factor of w and a.
1
Suppose -3*r - 3 = -m, -11 = 3*m - 2*r - 2*r. Let y be (-1)/(-5 - 42/m) + 48. Calculate the greatest common divisor of 255 and y.
51
Suppose -88 = -2*y - 2*y. Suppose y = 3*j + 16. Let c be (j/5)/((-1)/(-35)). What is the highest common divisor of c and 154?
14
Let r be (-6781)/(-19) - (-44)/418. Suppose r = 118*j - 111*j. Calculate the highest common factor of 221 and j.
17
Let b be -387*12/(-27)*(-87)/(-58). Calculate the highest common divisor of 1204 and b.
86
Let z = 3342 - 3330. Let k(l) be the third derivative of l**5/60 - l**4/24 + l**2. Let s be k(6). Calculate the greatest common divisor of s and z.
6
Suppose 4*m - c = 327 + 548, -3*m + 652 = -5*c. Suppose 0 = 37*y - 77 - m. What is the highest common factor of y and 288?
8
Let m = -895 - -205. Let u = -414 - m. What is the greatest common factor of 12 and u?
12
Suppose 2*g - 47 = -47. Let n be -5 - (-5 + g)*2. Suppose -y + 67 = -n*p, 4*p = 2*y - 4*y + 64. What is the greatest common factor of 14 and y?
14
Let g be (-16 + 4 + -3)/((-1)/5). Suppose 7*v - g = -19. Suppose v*i - 10*i = -228. Calculate the greatest common factor of 38 and i.
38
Let f = -61 + 85. Let x = -13 + 15. Suppose -7*v + 60 = -x*v. Calculate the greatest common factor of f and v.
12
Let b = 15781 + -14115. Calculate the greatest common divisor of 68 and b.
34
Let z be 13/(((-55)/70)/(-11)). Let i = 191 - z. Calculate the greatest common factor of i and 72.
9
Suppose -17*y + 16*y - 143 = 0. Suppose -1885 + 10970 = 23*a. Let x = y + a. Calculate the highest common divisor of 12 and x.
12
Suppose 3*b = -b + 68. Let i be (-4)/26 + (-150)/39 - -5. Calculate the greatest common factor of b and i.
1
Let g be -9846*(-6)/126 + 12/(-14). Calculate the greatest common factor of g and 2457.
117
Suppose -3*z - z = 0. Suppose z = v - 6*v - 200. Let h = v + 72. Calculate the greatest common divisor of h and 112.
16
Suppose 0 = -18*d + 22*d - 92. Let p = d + -1. Let g = -20 + p. What is the greatest common factor of g and 5?
1
Let m = 858 + -543. Suppose 17*v - 12*v - m = 0. Let a(c) = c**3 - 11*c**2 + c + 10. Let y be a(11). Calculate the greatest common factor of v and y.
21
Let y(b) = -b + 8. Suppose -19 + 59 = 5*v. Let z be y(v). Suppose z = 3*x - 2*s - 476, -s = x + 3*s - 182. What is the highest common factor of 18 and x?
18
Let n be 26 + -1*(-2 + 4). Suppose -20*g - 176 = -n*g. Let c = -162 + 228. Calculate the highest common factor of g and c.
22
Suppose -2*j = 3*d - 1575, 2*j = d + 1785 - 174. What is the greatest common divisor of j and 18?
9
Suppose 0 = 2*a - 2*f - 1560, a - 6*a + 3850 = 5*f. What is the greatest common factor of a and 50?
25
Let v(h) = 13*h**2 + 24*h - 1. Let b be v(-6). Suppose 0 = -12*d - 0*d + 684. What is the greatest common divisor of d and b?
19
Let x be ((-8)/(-16))/((-1)/(-1738)). Suppose 15*j = x - 179. What is the highest common divisor of 115 and j?
23
Let k be 6/(-10) + 10332/70 + -1. Let c = 212 - k. What is the greatest common factor of c and 418?
22
Suppose -335 = -5*d - 4*a, 3*d - 158*a = -156*a + 201. What is the greatest common divisor of d and 5963?
67
Let n be 23 - 2*(3*(-6)/(-36))/1.